highest common divisor of 192 and 7563552.
96
What is the greatest common factor of 81370 and 7110?
790
Calculate the greatest common factor of 6 and 37599.
3
What is the greatest common divisor of 20770 and 3685?
335
Calculate the highest common factor of 61500 and 875.
125
What is the greatest common factor of 488 and 166042?
122
What is the greatest common factor of 111763 and 365?
73
Calculate the highest common divisor of 208 and 55952.
208
What is the greatest common factor of 7788 and 6204?
132
What is the greatest common factor of 23401 and 91?
7
Calculate the highest common divisor of 28440 and 260.
20
Calculate the greatest common divisor of 29561 and 2583.
287
Calculate the highest common factor of 39492 and 3672.
36
What is the greatest common divisor of 133175 and 3675?
175
Calculate the greatest common divisor of 986524 and 4928.
308
What is the highest common factor of 120 and 39828?
12
What is the greatest common factor of 1802 and 2278?
34
Calculate the highest common divisor of 17690 and 31871.
29
What is the greatest common factor of 35 and 45052?
7
What is the highest common divisor of 524600 and 3096?
344
What is the highest common divisor of 1656 and 1008?
72
Calculate the highest common factor of 966 and 1918.
14
What is the greatest common divisor of 88341 and 99?
33
What is the highest common divisor of 153110 and 1525?
305
What is the highest common factor of 136 and 24264?
8
What is the highest common factor of 419568 and 192?
48
What is the highest common factor of 95524 and 429?
143
Calculate the highest common factor of 12837 and 528.
33
What is the greatest common factor of 28954 and 2356?
62
Calculate the greatest common factor of 5 and 144815.
5
What is the greatest common factor of 473 and 968704?
473
What is the greatest common factor of 15531 and 3255?
93
What is the highest common factor of 656 and 59656?
8
Calculate the highest common divisor of 1380 and 70500.
60
What is the highest common divisor of 15925 and 364?
91
Calculate the highest common factor of 45571 and 5725.
229
What is the greatest common divisor of 16058 and 2170?
434
What is the highest common divisor of 1312 and 9248?
32
What is the highest common divisor of 15872 and 68448?
992
Calculate the highest common factor of 576 and 9134496.
288
Calculate the greatest common factor of 63842 and 411.
137
What is the greatest common factor of 612142 and 3982?
362
Calculate the highest common divisor of 248262 and 2898.
966
What is the greatest common divisor of 2464 and 253?
11
What is the greatest common divisor of 2140 and 2910?
10
What is the greatest common factor of 1720 and 1999070?
430
What is the greatest common divisor of 7137 and 58383?
117
What is the greatest common factor of 440834 and 8626?
454
Calculate the greatest common factor of 4727 and 261.
29
What is the highest common divisor of 30 and 143010?
30
What is the highest common divisor of 324 and 22284?
36
What is the greatest common divisor of 207 and 5256?
9
Calculate the greatest common factor of 270513 and 86.
43
What is the highest common divisor of 2193111 and 603?
603
Calculate the highest common factor of 2058 and 582.
6
Calculate the highest common divisor of 31563 and 387.
9
Calculate the highest common divisor of 29 and 844451.
29
Calculate the highest common divisor of 8113 and 412604.
1159
Calculate the highest common factor of 94 and 68103.
47
Calculate the highest common divisor of 36 and 83142.
18
What is the highest common divisor of 39 and 358761?
39
What is the greatest common divisor of 76 and 98268?
76
Calculate the highest common factor of 28908 and 73.
73
What is the greatest common divisor of 113659 and 26?
13
What is the highest common divisor of 104897 and 91?
13
Calculate the greatest common divisor of 15 and 21360.
15
Calculate the highest common divisor of 2565 and 60021.
513
What is the highest common divisor of 112 and 32016?
16
What is the greatest common factor of 378 and 3488373?
189
Calculate the highest common divisor of 16621 and 2431.
11
Calculate the greatest common factor of 612659 and 355.
71
What is the greatest common factor of 136 and 13152?
8
What is the highest common factor of 684 and 971622?
342
Calculate the greatest common factor of 17714 and 816.
34
Calculate the highest common factor of 4085 and 602.
43
Calculate the greatest common factor of 1547 and 2197.
13
What is the greatest common divisor of 5152 and 48622?
322
Calculate the highest common factor of 26 and 778.
2
What is the greatest common factor of 116 and 79547?
29
What is the greatest common factor of 7473 and 48972?
159
Calculate the highest common divisor of 1127 and 10511.
23
What is the greatest common factor of 910 and 6405?
35
What is the highest common divisor of 70897 and 93?
31
What is the highest common divisor of 1736 and 651?
217
Calculate the greatest common divisor of 203 and 41342.
7
Calculate the greatest common factor of 5110 and 490.
70
What is the greatest common divisor of 125104 and 2464?
112
What is the highest common divisor of 208 and 78312?
104
Calculate the greatest common factor of 6 and 22314.
6
Calculate the greatest common factor of 214343 and 5459.
103
Calculate the highest common divisor of 44676 and 219.
219
Calculate the greatest common divisor of 429610 and 10.
10
What is the highest common divisor of 3423205 and 17?
17
Calculate the highest common divisor of 909 and 79689.
303
Calculate the greatest common factor of 172413 and 9.
9
Calculate the greatest common divisor of 603299 and 424.
53
Calculate the highest common divisor of 10125 and 875.
125
Calculate the greatest common divisor of 1910 and 3056.
382
Calculate the highest common divisor of 163116 and 1656.
828
What is the highest common divisor of 1078 and 140294?
154
Calculate the highest common factor of 1807066 and 102.
34
Calculate the greatest common divisor of 122179 and 34.
17
Calculate the highest common divisor of 10117 and 3473.
151
What is the greatest common divisor of 567423 and 1206?
603
Calculate the greatest common factor of 12118 and 5694.
146
Calculate the greatest common factor of 14042 and 1547.
119
What is the greatest common divisor of 1139 and 3179?
17
Calculate the greatest common divisor of 124866 and 378.
126
What is the greatest common divisor of 1437213 and 94?
47
What is the greatest common factor of 962 and 6214?
26
What is the highest common factor of 1090 and 1927665?
545
Calculate the greatest common divisor of 154 and 12991.
11
What is the highest common divisor of 247 and 19513?
247
What is the greatest common divisor of 350 and 171920?
70
What is the greatest common factor of 609 and 933075?
87
What is the highest common factor of 31453392 and 1446?
1446
Calculate the greatest common divisor of 919362 and 438.
438
Calculate the greatest common divisor of 63143 and 2439.
271
Calculate the greatest common factor of 9376 and 8.
8
Calculate the highest common divisor of 46 and 18023122.
46
Calculate the greatest common factor of 466 and 7744.
2
Calculate the greatest common divisor of 696 and 532179.
87
Calculate the greatest common factor of 94619 and 343.
49
Calculate the greatest common factor of 41391 and 8176.
511
Calculate the greatest common factor of 39 and 78871.
13
What is the greatest common divisor of 294447 and 732?
183
Calculate the highest common divisor of 30 and 300090.
30
What is the greatest common factor of 75301 and 514?
257
What is the greatest common divisor of 133282 and 618?
206
Calculate the greatest common divisor of 22269 and 52.
13
Calculate the highest common factor of 3105 and 9895.
5
What is the highest common divisor of 18802 and 68?
34
Calculate the highest common divisor of 4628556 and 1224.
612
Calculate the greatest common divisor of 588 and 6321.
147
What is the greatest common divisor of 189364 and 21?
7
What is the highest common divisor of 69456 and 36?
12
Calculate the greatest common divisor of 1149 and 4671451.
383
What is the greatest common divisor of 238 and 96050?
34
What is the greatest common divisor of 1064 and 8284?
76
What is the highest common factor of 228048 and 180?
12
What is the highest common divisor of 1177475 and 650?
325
What is the highest common divisor of 3 and 9813?
3
What 